c**3 - 7*c**2 - 1. Let h(j) = -3*l(j) - t(j). Calculate h(3).
4
Let k = -1 - -8. Let i(f) be the second derivative of 0*f**2 + 1/6*f**3 + 0 - 5*f. What is i(k)?
7
Let n(c) = -76 + 57*c + 36*c - 112*c + 31*c. Give n(7).
8
Let v be (-14)/63 - 2/(-9). Suppose 4*r = -0*a + a + 52, v = -r + a + 16. Let z be r/3 - (8 - 1). Let f(o) = -o**2 - 1. Determine f(z).
-10
Let c(j) = 2*j**2 - 11*j - 3. Let f be c(6). Let g(m) = m**f - 4*m**2 - 2 + 100*m + 0*m**2 - 96*m. Determine g(3).
1
Suppose 0 = -y + 5 + 3. Let q(w) = 3 + 2 + y*w - 2*w**2 - 2 + w**2. Calculate q(7).
10
Let p(o) = 7*o + 11*o + 3 - 17*o. Let f be -1 + -7 - (-16)/4. Give p(f).
-1
Let n be 7 + (0 - 0)/(-1). Let c(j) = -12*j + 48*j + 9 - 17*j - 21*j. Determine c(n).
-5
Let f(g) = 3 + 6*g - g**3 + 5*g + 13*g - 16*g - 5*g**2. Determine f(-6).
-9
Let k(w) = 2*w**3 + 6*w - 1. Let m(q) = 2*q**3 + 5*q - 1. Let z(r) = 5*k(r) - 6*m(r). What is z(-2)?
17
Let l(g) = -g**2 + 57*g + 58. Let j be l(58). Let m(x) = -x - 9. Calculate m(j).
-9
Let b be 3/(-20)*(-3)/9. Let u(q) be the second derivative of -7/12*q**4 + 0*q**2 + 0 - b*q**5 - q**3 + 6*q. Determine u(-6).
0
Let o(v) = -69 - 42 + v + 93. Calculate o(9).
-9
Let l(v) be the third derivative of 2*v**2 + 1/15*v**5 + 1/6*v**4 + 0*v + 0 + 1/3*v**3 + 1/60*v**6. Suppose 3*r + 18 = 12. Give l(r).
-6
Let r(s) = s**3 + 4*s**2 - 6. Suppose 11*z - 32 = 19*z. What is r(z)?
-6
Let c(a) = 12*a + 12. Let r(u) = 3*u + 2. Let k(p) = 2*c(p) - 11*r(p). Calculate k(2).
-16
Let y = 28 + -27. Let o(s) = s**2 - s + 1. What is o(y)?
1
Let w(c) = -c**3 - c**2 + 7*c + 4. Let s(b) = -b**3 - 2*b**2 + 11*b + 6. Let h(g) = 5*s(g) - 8*w(g). Calculate h(-2).
-32
Let b(a) = 3*a + 3*a - 2*a + 0*a - 4. Let m(o) = 1. Let d(h) = b(h) + 8*m(h). Give d(-3).
-8
Let z(x) = 3*x**2 - 2*x. Suppose -2*j = 3*b + 10, -2 = -2*b - 2*j + 5*j. What is z(b)?
16
Let j(g) = 0*g + g - g**2 + 2 + g. Let o(m) = 16*m + 228. Let q be o(-14). Calculate j(q).
-6
Let r = 1522 - 1516. Suppose 0 = -c + 4, 5*c - 2*c = -3*u + 12. Let w(s) = u + 1 - 3*s + 4 + 4*s. Determine w(r).
11
Let h(t) be the second derivative of -t**5/20 + t**4/4 - t**3/6 - 3*t**2/2 + 131*t. What is h(3)?
-6
Let s be (6/(-4))/(39/(-1378)). Suppose 2*x + 5*j = -2*x + s, 0 = -4*x + j + 23. Let i(l) = -3*l + 10. Calculate i(x).
-11
Let x(t) be the third derivative of -t**6/120 + t**5/3 + 11*t**4/12 - 7*t**3/3 + 258*t**2. Determine x(21).
7
Let m = -155 - -156. Let o(a) = 4 + 0 - 3 - a + 8*a. Determine o(m).
8
Let y be ((-10)/4)/((-45)/(-18) - 2). Let g(q) = -q**3 - 4*q**2 - 3*q - 1. Give g(y).
39
Let z be (3 + (2 - 1))*1. Suppose -7 = z*o - 11. Let b(i) = -8*i**2 - 2*i + 1. Determine b(o).
-9
Let t be -2 + 3 + (-1 - -12). Let s be 234/t + (-1)/(-2). Suppose -3*c = c + s. Let a(m) = m**2 + 5*m - 5. Calculate a(c).
-5
Let n be 5/(8/16*-2). Let o(z) = 5*z + 16. Calculate o(n).
-9
Suppose 0 = 11*d - 7*d + 8. Let t(z) = 8*z**3 + 7*z**2 - 2*z - 9. Let f(l) = -7*l**3 - 6*l**2 + 2*l + 8. Let m(v) = 7*f(v) + 6*t(v). Calculate m(d).
6
Let l = -1081 - -1084. Let u = 3 - 1. Let m(h) = u*h**2 - 5 + 3 + 4*h - h**3 + 0*h. Give m(l).
1
Let t = -27 + 28. Let o(y) = -1 - 4*y - 3 + 4 - t. Give o(1).
-5
Let w(h) = -5*h. Suppose 4*f - 4*u = 4, u + 0*u - 7 = -f. Suppose 2*s + 6*q = f*q, -4*s = -5*q + 36. What is w(s)?
20
Let r(q) be the second derivative of 5/6*q**3 + 0*q**2 - 2*q + 0. Let t(p) = p**2 + 1. Let g be t(0). Give r(g).
5
Let w(b) = -7*b**3 - 2*b**2 - b + 4. Let q(v) = -10*v**3 - v**2 - v + 4. Let y(u) = -2*q(u) + 3*w(u). Let n be ((-10)/4 + 4)*-2. Determine y(n).
-2
Suppose 5*a + 2*s - 7 = 0, -5*s + 0*s = -4*a + 32. Let b(z) = -10*z**2 - 1 + a*z**2 + 6*z**2 + 2. Let t = 5 + -2. Determine b(t).
-8
Let t(v) be the first derivative of 11*v**3/3 + 5*v**2/2 + 2*v - 946. Give t(-2).
36
Let w(x) = x**3 - x**2 + x - 2. Let v be 0/1*(-2)/(-12)*3. Let p be v*(15/(-6) - -3). Determine w(p).
-2
Let g = -819 + 805. Let q(l) = l**2 + 16*l + 34. What is q(g)?
6
Let q(f) = 20*f - 13. Let u(g) = -21*g + 11. Let z(m) = 4*q(m) + 5*u(m). Determine z(2).
-47
Suppose 6*n = 3*n - 4*d + 3, -d - 5 = -5*n. Let v(g) = 8*g - 1. Let t(y) = -y**2 + 7*y - 1. Let a(o) = -6*t(o) + 5*v(o). What is a(n)?
5
Suppose w + 4*w = -4*o + 43, 4*w = 2*o + 24. Let f(c) = -2*c + 4 + 0 - w - 6. What is f(-7)?
5
Let r(f) = f**3 - 3*f**2 - f + 3. Let b be r(3). Let d(o) = -4 + 0 - 2*o**2 + 5 + b. Let t(q) = -q**3 - 2. Let z be t(0). What is d(z)?
-7
Let m be 2/6 - (-35)/(-30)*-46. Let i be (-2)/((18/m)/(2/6)). Let z(h) = 2*h**3 + 2*h**2 - 2. Calculate z(i).
-10
Let w(j) be the second derivative of j**5/20 + j**4/12 + 4*j**2 - 34*j + 1. Give w(0).
8
Let t(f) = -f**3 + 13*f**2 - f + 15. Let r(w) = 5*w - 7. Let y be r(4). Calculate t(y).
2
Suppose w - 6 = 2*w. Let r(h) be the second derivative of 0 - 6*h - 4*h**2 + 2/3*h**3 + 1/12*h**4. Determine r(w).
4
Let h(n) = -n**3 + 11*n**2 + 11*n + 14. Let z(t) = 3*t + 13. Let k be z(-4). Let g be (-8)/(-2) - k/(3/(-24)). What is h(g)?
2
Let h(n) be the third derivative of -n**6/120 - n**5/10 - n**4/4 - n**3/3 - 13*n**2. Suppose 0 = -z + 5*f - 2*f - 5, 5*z + 2*f + 25 = 0. Give h(z).
3
Let x(v) = 4*v - 6041 + 2*v**2 + 6041 - 3*v. Give x(-2).
6
Let a(k) = k**2 - 8*k - 2. Suppose -4*x + 15 = -97. Suppose 9*o - 26 = x. What is a(o)?
-14
Let p(s) be the first derivative of s**2 + 2*s + 1. Suppose -28*g + 37*g - 36 = 0. Determine p(g).
10
Let c(z) be the second derivative of z**3/6 + 8*z**2 + 127*z + 1. Give c(-25).
-9
Let d(r) = r + 4. Suppose 0 = -4*v - 11*v - 14*v. Give d(v).
4
Suppose f = -4 + 8. Let p be 6/5 + f/(-20). Let l be (-1)/(0 + p) + -1. Let i(z) = z**2 - z - 1. Determine i(l).
5
Let x(k) = -k**2 - 3*k - 3. Let y(h) = -15*h - 3. Let j be y(-2). Suppose 0 = -2*d - g + 4*g - j, -4*g - 4 = 4*d. Let b be d*-5*(-8)/60. Determine x(b).
-7
Let h be 9/4 + (15/20 - 0). Let g(r) = -r**2 + r**h + 6*r**2 + 3*r + 0*r - 2. Determine g(-4).
2
Let t(u) = 5*u - 9. Let p be t(7). Suppose p = -f + 20. Let x(g) = -g - 4. Give x(f).
2
Let t be (-8 - -15)/(2/8). Let q(r) = r + t + 39 - 57. What is q(0)?
10
Let q = -11 - -12. Suppose 0 = -4*f + 3 + q. Let r(w) = -3*w - 3 - f + 2 + w**2 + 5. Calculate r(4).
7
Let k(y) = y + 12. Let q = 344 - 355. Calculate k(q).
1
Let o = 24 + -23. Let h(c) be the third derivative of c**5/10 - c**4/24 - 29*c**2. Calculate h(o).
5
Let r(y) = 2*y**2 - 4*y + 4. Let v = -273 + 278. Calculate r(v).
34
Let x = -41 + 49. Suppose r + x*r = 63. Let t(d) = d - 8. What is t(r)?
-1
Let b(o) be the third derivative of o**5/60 + o**4/4 - o**3/3 - 11*o**2. Give b(-6).
-2
Let n = 9 + -16. Let m(r) = r**3 + 6*r**2 - 7*r + 5. Let g be m(n). Let d(k) = -k**3 + 5*k**2 + 4*k - 6. Calculate d(g).
14
Let w(l) = -l**2 + 3*l + 7. Suppose 5*t = 5*s + 55, -4*s - 15 = -3*t + 22. Suppose -22 = 5*b - t. Let r(f) = f**2 - 4. Let o be r(b). What is w(o)?
-3
Let g(b) = -b. Let l(u) = -2*u + 1. Let n(p) = -4*g(p) + l(p). What is n(4)?
9
Let k(w) = 5*w**2 + 5*w - 11. Let j(u) = -6*u**2 - 5*u + 12. Let o(s) = 6*j(s) + 7*k(s). What is o(5)?
-5
Let j(z) = -8 + 2*z + 5*z**2 + 3 + 3 - z**2 - z**3. Give j(4).
6
Let a be (26/(-104))/(1/(-76)). Let y(s) = -a + s**2 + 5*s - 21 + 42. What is y(-3)?
-4
Let h(r) = -2*r**3 - r**2 + r + 1. Suppose 0*m = -2*m - 2*o, 4*m + 2 = -2*o. Let c be h(m). Let j(b) = -17*b**2 + b - 1. Give j(c).
-17
Let f(h) = 18*h - 4. Suppose -27*k + 50*k - 46 = 0. Calculate f(k).
32
Let f(z) = -41*z**2 + 3*z - 2. Let r = -1830 - -1831. What is f(r)?
-40
Let n(b) = 0*b**3 + 985 + 5*b - 990 - 4*b**2 - 3*b**3 + 2*b**3. Calculate n(-5).
-5
Let v(n) be the second derivative of 5*n**4/12 - 5*n**3/6 + 2*n**2 - 96*n. What is v(3)?
34
Let h = -21 + 14. Let r(u) = 7*u - 5*u**3 - 5*u**2 - 2*u**2 + 3*u**2 - 4 + 4*u**3 - 2*u**2. Give r(h).
-4
Let s(j) be the third derivative of -7/6*j**3 + 5/24*j**4 + 1/60*j**5 + 0*j + 0 - 3*j**2. Give s(-5).
-7
Let k(w) = w**2 - 14*w + 12. Let o be k(13). Let r be -19 + (3 - (-2)/o). Let a be 10/(-45) + (-76)/r. Let d(h) = -h**3 + 5*h**2 - 4*h - 1. Give d(a).
-1
Let v(b) = b. Let r(g) = g**2 + 32*g - 9. Let c(h) = -h**2 - 21*h + 6. Let m(q) = -7*c(q) - 5*r(q). Let s be m(6). Calculate v(s).
-3
Let l(j) = 17*j - 4*j - 9*j - 2*j + 13. Let q = -40 + 31. Determine l(q).
-5
Suppose 2*l - 6 = 12*c - 9*c, -4*l = -4*c - 12. Let q(h) be the first der